. List the prime factors of a(0).
7
Let p be (0 + 0)*(31 - 32). Suppose 5*c = 3*c + 76. Suppose p = 5*w - 92 - c. What are the prime factors of w?
2, 13
Let m = -12 - -15. Let z be -3*m*(-8)/36. What are the prime factors of 28 + 0*z/8?
2, 7
Suppose -3*c + 27 = 3*t, 2*c - 20 = -3*c. Suppose y - 28 = t*y. List the prime factors of 3 + 1 - (y - -5).
2, 3
Suppose -h = q + 169, 3*h - 338 = 2*q - 0*h. Let x = -108 - q. What are the prime factors of x?
61
Let f(j) = 435*j + 237. List the prime factors of f(3).
2, 3, 257
List the prime factors of (-5202)/(-18) - (-10)/(-2).
2, 71
Let f = -11 + 22. Let m(a) = a**3 - 10*a**2 - 8*a - 8. Let g be m(f). Let r = -10 + g. What are the prime factors of r?
3, 5
Suppose 39 = q + 7*j - 9*j, -q + 41 = -4*j. List the prime factors of q.
37
Let v be (9 - 603/36)/(2/(-8)). Let i(j) = j**3 + 3*j**2 - 3*j + 2. Let a be i(-4). Let g = a + v. List the prime factors of g.
29
Let y(t) = t**3 - 7*t**2 + 7*t + 2. Let a be y(6). Let i = a - 4. Suppose i*b - x + 13 - 201 = 0, -5*b - 3*x = -252. What are the prime factors of b?
2, 3
Let t = 506 - 254. Suppose -4*d - 5*g = -959, -d + t = 2*g + 10. What are the prime factors of d?
2, 59
Let z(g) = g + 8. Let b be z(-6). Let h(l) = -12*l + 30. Let p be h(-9). Suppose b*d - p = -d. What are the prime factors of d?
2, 23
Suppose -2 = 3*f - 14. Suppose -5*q = 4*y - 38, -y - f*q + 12 = -3. Let c = y - -6. What are the prime factors of c?
13
Suppose 3*u = 12 - 72. Let h = 81 + u. What are the prime factors of h?
61
Let b be ((-3)/4)/((-3)/(-132)). Let h be (-159)/b - (-8)/44. Suppose 4*m - 40 = -2*g, -h*m - 1 - 4 = 0. What are the prime factors of g?
2, 11
Suppose 39*q - 43840 = 31*q. List the prime factors of q.
2, 5, 137
Suppose 0 = 84*c - 47*c - 77515. What are the prime factors of c?
5, 419
Let u(n) = 3*n**3 - 12*n**2 + 5*n + 5. List the prime factors of u(8).
3, 271
Suppose m + 22 = 28. Suppose -t - 627 = -5*a, m*a = 3*a - 3*t + 387. What are the prime factors of a?
2, 3, 7
Let g be 92/1 - -3 - (0 - 1). Let d = g + -55. List the prime factors of d.
41
Let h = -1 - -23. Let i = 43 - h. What are the prime factors of i?
3, 7
What are the prime factors of ((-5)/(25/3260))/(-2)?
2, 163
Suppose -4*c + 1 = -7. Let r(z) = 2*z**2 - z - 1. Let h be r(c). Suppose 0*d - 4*d = h*m - 105, -4*m + 100 = 4*d. List the prime factors of d.
2, 5
Let q = -20 + 23. Let z be (-3 - -3) + 6/q. Suppose z*l = l + 20. List the prime factors of l.
2, 5
Suppose -6*b + 5*b = -797. What are the prime factors of b?
797
Let j(o) = -367*o - 1. List the prime factors of j(-1).
2, 3, 61
Let i = 5 - 10. Let d(r) = 6*r**2 + 18*r + 1 - 25*r + 1 - 4 - 4*r**3 + 5*r**3. List the prime factors of d(i).
2, 29
Let c(g) = -g**3 - 11*g**2 + 14*g + 27. Let u be c(-12). Suppose -u*k + 2*q + 44 = 0, 3*k - 33 = 5*q - 4. What are the prime factors of k?
2, 3
Suppose 1 = -6*x + 7*x. Suppose x = -4*q + 53. List the prime factors of q.
13
Let z be 2628/20 + (-3)/(-5). Let j = z - -16. List the prime factors of j.
2, 37
Let c be (-21)/(-9) - 8/(-12). Suppose -67 = -2*b + c*i, 2*b - 6*b + i + 129 = 0. What are the prime factors of b?
2
Let d be (-2)/(-16) - 1389/(-24). Let y = 148 - d. List the prime factors of y.
2, 3, 5
Suppose -21 = -4*u + z, -2*z = -4*u + 2*z + 36. List the prime factors of u + 47/1 + -3.
2, 3
List the prime factors of -4*(6 + -1 - 2103/12).
3, 227
Let t be -14 + 18 - 37/1. Let x = t + 13. Let m = x - -31. What are the prime factors of m?
11
Let a(b) = -4*b + 2*b**2 - b + 6 + 9 - b. List the prime factors of a(12).
3, 7, 11
Let o(z) = z**2 + 2*z + 1. Let i be o(-3). Suppose i = 3*f + 5*t, -4*t - 2 = 4*f - t. List the prime factors of (-1 - f)/((-1)/(-7)).
7
Let w(b) = 3*b**2 + 3*b - 2. Let s be w(1). List the prime factors of (5 - s) + -2 + 106.
3, 5, 7
Suppose x - 4*r - 3 = -0*x, -12 = -4*x + 3*r. Suppose -d - 12 = -x*w + 16, -2*d = w. Suppose p + i = w + 10, 32 = 2*p - 2*i. What are the prime factors of p?
17
Let s(p) be the second derivative of 2/3*p**3 + 13/2*p**2 + 2*p + 0. What are the prime factors of s(12)?
61
Let p(y) = 4*y**2 - 83*y - 31. List the prime factors of p(25).
2, 197
Let t be 0/((-3 - -5)/(-2)). Suppose 1089 = 5*x + 2*h, 0 = -t*x - 2*x - 4*h + 426. List the prime factors of x.
3, 73
Let j(f) = f**2 - 8*f + 12. Let u be (-21)/28 + (-35)/(-4). Let z be j(u). List the prime factors of (32/z + -4)*-36.
2, 3
Suppose -6*j + 3931 = -1727. What are the prime factors of j?
23, 41
Suppose -4*u - 2*q = -20, -2*u - 10 = -5*u + q. Suppose 0 = l - 5*x - 81, -u*x + 50 + 4 = l. Let m = l + -18. List the prime factors of m.
2, 3
What are the prime factors of -7 + 0 - (-8 + -1362)?
29, 47
Let y be -5 - -24 - (3 + -3). Let h = y - 14. Suppose -h*n + 2 = -3*k + 74, 3*k - 99 = -4*n. List the prime factors of k.
29
Let s be 3/(-2 - (-15)/9). Let q = s - -33. Suppose -q = -2*g + 22. What are the prime factors of g?
23
Let k(t) = -11 + 3 - 11*t + 4*t. What are the prime factors of k(-2)?
2, 3
Suppose 744 = 2*m + 4*h, 4*h = 6*m - 4*m - 760. Let d = m + -260. List the prime factors of d.
2, 29
Suppose -c + 5*k = -0*k - 308, 2*k = -4*c + 1298. What are the prime factors of c?
17, 19
Suppose -2*s + s + 45 = 0. What are the prime factors of 2/9 + 4625/s?
103
Let x(n) = -n**2 + 9*n - 8. Let w be 5*3*4/(-30). Let m be (9 + w)*36/42. What are the prime factors of x(m)?
2, 5
Let o be 4/2 - (-560)/(-28). Let k = 1 - 8. Let z = k - o. What are the prime factors of z?
11
Let j be (0 - -8)/(4 + -3). Let n(x) = -x**2 + 10*x - 4. What are the prime factors of n(j)?
2, 3
Suppose 4*y + g - 602 - 633 = 0, -2*g + 1238 = 4*y. List the prime factors of y.
2, 7, 11
Suppose 2*h = -5*j - 152 + 1905, -j + 2*h + 341 = 0. What are the prime factors of j?
349
Let u(y) = -y**3 - 9*y**2 - 5*y + 4. Let w be u(-9). Suppose n - 95 = w. Suppose i + n = 5*i. List the prime factors of i.
2, 3
Let v(c) = 14*c. Let z(u) = -21*u. Let g(a) = -11*a. Let r(n) = 7*g(n) - 4*z(n). Let d(o) = -10*r(o) + 4*v(o). What are the prime factors of d(-1)?
2, 7
Suppose 0 = -2*p - 3*p - 4*v + 200, p = 2*v + 26. Suppose 2*g = -0*g - 5*x + 415, -x = 5. What are the prime factors of (18/p)/(2/g)?
5, 11
Suppose -2*l - 4*x - 6 = 0, -5*x - 1 = 2*l + 9. Let a = l - 2. Suppose 2*g - a*g = -6. What are the prime factors of g?
2, 3
Let c be (5 + -3)/(2/5). Suppose -203 = c*j + 2. List the prime factors of 0/((-8)/(-4)) - j.
41
Suppose 44*t = 46*t - 2816. List the prime factors of t.
2, 11
Let x be 330/120 - 2/(-8). Let n(v) = 24*v**2 - 3*v. List the prime factors of n(x).
3, 23
Let l(s) = 185*s**2 - 6*s - 12. What are the prime factors of l(-2)?
2, 5, 37
Let s be 1370/6 - (-1)/(-3). Let t be ((-3)/(-9))/(4/s). List the prime factors of t*2 + (1 - -3).
2, 3, 7
Suppose 3*c = 8*c - 350. Suppose 2*v = -2*q + 28, 5*v - 4*q + 3*q = c. List the prime factors of v.
2, 7
What are the prime factors of -8*1 + 84 + 264?
2, 5, 17
Suppose -5*w - 2 = -2*h, 4*w - h - 1 = -2*h. Suppose 2*p - p = w. What are the prime factors of (6 - -6) + 2 + p?
2, 7
Suppose -7*w = -12*w + 305. Let r = 19 + w. List the prime factors of r.
2, 5
Let b be 5/25 + (-814)/(-5). Suppose -b - 242 = -4*w - 3*f, -4*w + 406 = 2*f. What are the prime factors of w?
2, 3, 17
Suppose 2*s - 402 = 3*t, -316 + 1321 = 5*s - 4*t. Suppose 5*z = s + 249. Suppose -5*r - 69 = -4*v + 52, -3*v + 3*r = -z. What are the prime factors of v?
29
Let f(p) = -p**2 - 10*p - 4. Let y be f(-7). Suppose 98 = 5*m - 87. Let s = m - y. What are the prime factors of s?
2, 5
Let s(j) = 30 + 3*j**3 - 4*j**3 + 12*j**2 + 0*j - 15*j. List the prime factors of s(8).
2, 83
Suppose -4*c = -3*h + 2911, 3*c = -2*h + 7*c + 1946. List the prime factors of h.
5, 193
List the prime factors of (487/5)/((-13)/(-65)).
487
Let n(k) = -k**3 - 3*k + 1. Suppose 5*i + 4*a - 22 = 0, 3*a + 15 - 34 = -5*i. Let b be i/(-2) + 2 + -4. What are the prime factors of n(b)?
37
Let i = 155 + -98. Suppose 52*t = i*t - 280. List the prime factors of t.
2, 7
Let r(l) = -6 + 2*l**2 + 3 - 4*l - 2 + l**2. Let d be 255/75 + (-3)/(-5). What are the prime factors of r(d)?
3
Let r be (2 - (-12)/(-14)) + (-2)/14. Let v(x) = 109*x**3. What are the prime factors of v(r)?
109
Let f(a) be the second derivative of 22*a**3/3 - a**2 - 13*a. List the prime factors of f(1).
2, 3, 7
Let l be 28/49 + (-11